[INFO] cloning repository https://github.com/9-Extra/dice_redo
[INFO] running `Command { std: "git" "-c" "credential.helper=" "-c" "credential.helper=/workspace/cargo-home/bin/git-credential-null" "clone" "--bare" "https://github.com/9-Extra/dice_redo" "/workspace/cache/git-repos/https%3A%2F%2Fgithub.com%2F9-Extra%2Fdice_redo", kill_on_drop: false }`
[INFO] [stderr] Cloning into bare repository '/workspace/cache/git-repos/https%3A%2F%2Fgithub.com%2F9-Extra%2Fdice_redo'...
[INFO] running `Command { std: "git" "rev-parse" "HEAD", kill_on_drop: false }`
[INFO] [stdout] a76c874aec071a3e6866026543440078268d3975
[INFO] checking 9-Extra/dice_redo against master#e6e4f7ed1589e03bc2f6c5931c1a72e7947e8682 for beta-170-4
[INFO] running `Command { std: "git" "clone" "/workspace/cache/git-repos/https%3A%2F%2Fgithub.com%2F9-Extra%2Fdice_redo" "/workspace/builds/worker-6-tc2/source", kill_on_drop: false }`
[INFO] [stderr] Cloning into '/workspace/builds/worker-6-tc2/source'...
[INFO] [stderr] done.
[INFO] validating manifest of git repo https://github.com/9-Extra/dice_redo on toolchain e6e4f7ed1589e03bc2f6c5931c1a72e7947e8682
[INFO] running `Command { std: CARGO_HOME="/workspace/cargo-home" RUSTUP_HOME="/workspace/rustup-home" "/workspace/cargo-home/bin/cargo" "+e6e4f7ed1589e03bc2f6c5931c1a72e7947e8682" "metadata" "--manifest-path" "Cargo.toml" "--no-deps", kill_on_drop: false }`
[INFO] started tweaking git repo https://github.com/9-Extra/dice_redo
[INFO] finished tweaking git repo https://github.com/9-Extra/dice_redo
[INFO] tweaked toml for git repo https://github.com/9-Extra/dice_redo written to /workspace/builds/worker-6-tc2/source/Cargo.toml
[INFO] crate git repo https://github.com/9-Extra/dice_redo already has a lockfile, it will not be regenerated
[INFO] running `Command { std: CARGO_HOME="/workspace/cargo-home" RUSTUP_HOME="/workspace/rustup-home" "/workspace/cargo-home/bin/cargo" "+e6e4f7ed1589e03bc2f6c5931c1a72e7947e8682" "fetch" "--manifest-path" "Cargo.toml", kill_on_drop: false }`
[INFO] running `Command { std: "docker" "create" "-v" "/var/lib/crater-agent-workspace/builds/worker-6-tc2/target:/opt/rustwide/target:rw,Z" "-v" "/var/lib/crater-agent-workspace/builds/worker-6-tc2/source:/opt/rustwide/workdir:ro,Z" "-v" "/var/lib/crater-agent-workspace/cargo-home:/opt/rustwide/cargo-home:ro,Z" "-v" "/var/lib/crater-agent-workspace/rustup-home:/opt/rustwide/rustup-home:ro,Z" "-e" "SOURCE_DIR=/opt/rustwide/workdir" "-e" "CARGO_TARGET_DIR=/opt/rustwide/target" "-e" "CARGO_HOME=/opt/rustwide/cargo-home" "-e" "RUSTUP_HOME=/opt/rustwide/rustup-home" "-w" "/opt/rustwide/workdir" "-m" "1610612736" "--user" "0:0" "--network" "none" "ghcr.io/rust-lang/crates-build-env/linux@sha256:19e73879b68f455e41552ea35293514db52ea292d993f571636dbffedb77a1ee" "/opt/rustwide/cargo-home/bin/cargo" "+e6e4f7ed1589e03bc2f6c5931c1a72e7947e8682" "metadata" "--no-deps" "--format-version=1", kill_on_drop: false }`
[INFO] [stdout] e47e6cfef1cc12065477acdb9f4a46b004a7bea378e52622f963ac066a88b55d
[INFO] running `Command { std: "docker" "start" "-a" "e47e6cfef1cc12065477acdb9f4a46b004a7bea378e52622f963ac066a88b55d", kill_on_drop: false }`
[INFO] running `Command { std: "docker" "inspect" "e47e6cfef1cc12065477acdb9f4a46b004a7bea378e52622f963ac066a88b55d", kill_on_drop: false }`
[INFO] running `Command { std: "docker" "rm" "-f" "e47e6cfef1cc12065477acdb9f4a46b004a7bea378e52622f963ac066a88b55d", kill_on_drop: false }`
[INFO] [stdout] e47e6cfef1cc12065477acdb9f4a46b004a7bea378e52622f963ac066a88b55d
[INFO] running `Command { std: "docker" "create" "-v" "/var/lib/crater-agent-workspace/builds/worker-6-tc2/target:/opt/rustwide/target:rw,Z" "-v" "/var/lib/crater-agent-workspace/builds/worker-6-tc2/source:/opt/rustwide/workdir:ro,Z" "-v" "/var/lib/crater-agent-workspace/cargo-home:/opt/rustwide/cargo-home:ro,Z" "-v" "/var/lib/crater-agent-workspace/rustup-home:/opt/rustwide/rustup-home:ro,Z" "-e" "SOURCE_DIR=/opt/rustwide/workdir" "-e" "CARGO_TARGET_DIR=/opt/rustwide/target" "-e" "CARGO_INCREMENTAL=0" "-e" "RUST_BACKTRACE=full" "-e" "RUSTFLAGS=--cap-lints=forbid" "-e" "RUSTDOCFLAGS=--cap-lints=forbid" "-e" "CARGO_HOME=/opt/rustwide/cargo-home" "-e" "RUSTUP_HOME=/opt/rustwide/rustup-home" "-w" "/opt/rustwide/workdir" "-m" "1610612736" "--user" "0:0" "--network" "none" "ghcr.io/rust-lang/crates-build-env/linux@sha256:19e73879b68f455e41552ea35293514db52ea292d993f571636dbffedb77a1ee" "/opt/rustwide/cargo-home/bin/cargo" "+e6e4f7ed1589e03bc2f6c5931c1a72e7947e8682" "check" "--frozen" "--all" "--all-targets" "--message-format=json", kill_on_drop: false }`
[INFO] [stdout] e69e570311ec98110506a1b1b873b10486467858cfc179b177e8d75c99ead8b9
[INFO] running `Command { std: "docker" "start" "-a" "e69e570311ec98110506a1b1b873b10486467858cfc179b177e8d75c99ead8b9", kill_on_drop: false }`
[INFO] [stderr]    Compiling libc v0.2.116
[INFO] [stderr]    Compiling pkg-config v0.3.24
[INFO] [stderr]    Compiling xml-rs v0.8.4
[INFO] [stderr]    Compiling proc-macro2 v1.0.36
[INFO] [stderr]    Compiling log v0.4.14
[INFO] [stderr]     Checking smallvec v1.8.0
[INFO] [stderr]     Checking once_cell v1.9.0
[INFO] [stderr]    Compiling memchr v2.4.1
[INFO] [stderr]    Compiling khronos_api v3.1.0
[INFO] [stderr]    Compiling memoffset v0.6.5
[INFO] [stderr]     Checking libloading v0.7.3
[INFO] [stderr]    Compiling nom v7.1.0
[INFO] [stderr]     Checking scoped-tls v1.0.0
[INFO] [stderr]     Checking downcast-rs v1.2.0
[INFO] [stderr]    Compiling cc v1.0.72
[INFO] [stderr]    Compiling parking_lot_core v0.8.5
[INFO] [stderr]     Checking instant v0.1.12
[INFO] [stderr]     Checking dlib v0.5.0
[INFO] [stderr]     Checking lock_api v0.4.6
[INFO] [stderr]     Checking ttf-parser v0.14.0
[INFO] [stderr]    Compiling syn v1.0.86
[INFO] [stderr]     Checking ab_glyph_rasterizer v0.1.5
[INFO] [stderr]    Compiling winit v0.26.1
[INFO] [stderr]     Checking cty v0.2.2
[INFO] [stderr]    Compiling gl_generator v0.14.0
[INFO] [stderr]    Compiling miniz_oxide v0.4.4
[INFO] [stderr]    Compiling wayland-sys v0.29.4
[INFO] [stderr]    Compiling smithay-client-toolkit v0.15.3
[INFO] [stderr]    Compiling x11-dl v2.19.1
[INFO] [stderr]     Checking raw-window-handle v0.4.2
[INFO] [stderr]     Checking atomic_refcell v0.1.8
[INFO] [stderr]     Checking emath v0.16.0
[INFO] [stderr]     Checking nohash-hasher v0.2.0
[INFO] [stderr]    Compiling serde v1.0.136
[INFO] [stderr]    Compiling alsa-sys v0.3.1
[INFO] [stderr]    Compiling quick-xml v0.22.0
[INFO] [stderr]    Compiling quote v1.0.15
[INFO] [stderr]     Checking gimli v0.26.1
[INFO] [stderr]     Checking object v0.27.1
[INFO] [stderr]     Checking webbrowser v0.5.5
[INFO] [stderr]     Checking takeable-option v0.5.0
[INFO] [stderr]    Compiling wayland-scanner v0.29.4
[INFO] [stderr]    Compiling cpal v0.13.5
[INFO] [stderr]     Checking byteorder v1.4.3
[INFO] [stderr]    Compiling backtrace v0.3.64
[INFO] [stderr]    Compiling minimp3-sys v0.3.2
[INFO] [stderr]     Checking tinyvec v1.5.1
[INFO] [stderr]    Compiling glutin_egl_sys v0.1.5
[INFO] [stderr]    Compiling glutin_glx_sys v0.1.7
[INFO] [stderr]    Compiling glium v0.31.0
[INFO] [stderr]    Compiling xcb v0.10.1
[INFO] [stderr]     Checking owned_ttf_parser v0.14.0
[INFO] [stderr]     Checking ogg v0.8.0
[INFO] [stderr]     Checking ab_glyph v0.2.13
[INFO] [stderr]     Checking claxon v0.4.3
[INFO] [stderr]     Checking nix v0.22.3
[INFO] [stderr]     Checking getrandom v0.2.4
[INFO] [stderr]     Checking memmap2 v0.3.1
[INFO] [stderr]     Checking ahash v0.7.6
[INFO] [stderr]     Checking mio v0.8.0
[INFO] [stderr]     Checking parking_lot v0.11.2
[INFO] [stderr]     Checking epaint v0.16.0
[INFO] [stderr]     Checking shared_library v0.1.9
[INFO] [stderr]     Checking nix v0.23.1
[INFO] [stderr]     Checking osmesa-sys v0.1.2
[INFO] [stderr]     Checking xcursor v0.3.4
[INFO] [stderr]    Compiling wayland-client v0.29.4
[INFO] [stderr]    Compiling wayland-protocols v0.29.4
[INFO] [stderr]     Checking rand_core v0.6.3
[INFO] [stderr]     Checking slice-deque v0.3.0
[INFO] [stderr]     Checking egui v0.16.1
[INFO] [stderr]     Checking lewton v0.10.2
[INFO] [stderr]     Checking addr2line v0.17.0
[INFO] [stderr]     Checking rand_chacha v0.3.1
[INFO] [stderr]     Checking time v0.1.44
[INFO] [stderr]     Checking hound v3.4.0
[INFO] [stderr]     Checking rand v0.8.4
[INFO] [stderr]     Checking chrono v0.4.19
[INFO] [stderr]    Compiling thiserror-impl v1.0.30
[INFO] [stderr]     Checking epi v0.16.0
[INFO] [stderr]    Compiling toml v0.5.8
[INFO] [stderr]     Checking thiserror v1.0.30
[INFO] [stderr]     Checking minimp3 v0.5.1
[INFO] [stderr]     Checking wayland-commons v0.29.4
[INFO] [stderr]     Checking calloop v0.9.3
[INFO] [stderr]     Checking x11-clipboard v0.5.3
[INFO] [stderr]     Checking alsa v0.6.0
[INFO] [stderr]    Compiling winres v0.1.12
[INFO] [stderr]    Compiling dice_redo v0.2.3 (/opt/rustwide/workdir)
[INFO] [stderr]     Checking wayland-cursor v0.29.4
[INFO] [stderr]     Checking wayland-egl v0.29.4
[INFO] [stderr]     Checking rodio v0.15.0
[INFO] [stderr]     Checking smithay-clipboard v0.6.5
[INFO] [stderr]     Checking copypasta v0.7.1
[INFO] [stderr]     Checking glutin v0.28.0
[INFO] [stderr]     Checking egui-winit v0.16.0
[INFO] [stderr]     Checking egui_glium v0.16.0
[INFO] [stderr]     Checking eframe v0.16.0
[INFO] [stdout] error[E0433]: failed to resolve: could not find `windows` in `os`
[INFO] [stdout]  --> src/app/sound.rs:3:14
[INFO] [stdout]   |
[INFO] [stdout] 3 | use std::os::windows::ffi::OsStrExt;
[INFO] [stdout]   |              ^^^^^^^ could not find `windows` in `os`
[INFO] [stdout] 
[INFO] [stdout] 
[INFO] [stdout] error[E0433]: failed to resolve: could not find `windows` in `os`
[INFO] [stdout]  --> src/app/sound.rs:3:14
[INFO] [stdout]   |
[INFO] [stdout] 3 | use std::os::windows::ffi::OsStrExt;
[INFO] [stdout]   |              ^^^^^^^ could not find `windows` in `os`
[INFO] [stdout] 
[INFO] [stdout] 
[INFO] [stdout] error[E0599]: no method named `encode_wide` found for struct `OsString` in the current scope
[INFO] [stdout]   --> src/app/sound.rs:40:38
[INFO] [stdout]    |
[INFO] [stdout] 40 |                     if f.file_name().encode_wide().next() != Some('!' as u16) {
[INFO] [stdout]    |                                      ^^^^^^^^^^^ method not found in `OsString`
[INFO] [stdout] 
[INFO] [stdout] 
[INFO] [stdout] error[E0599]: no method named `encode_wide` found for struct `OsString` in the current scope
[INFO] [stdout]   --> src/app/sound.rs:40:38
[INFO] [stdout]    |
[INFO] [stdout] 40 |                     if f.file_name().encode_wide().next() != Some('!' as u16) {
[INFO] [stdout]    |                                      ^^^^^^^^^^^ method not found in `OsString`
[INFO] [stdout] 
[INFO] [stdout] 
[INFO] [stdout] error: aborting due to 2 previous errors
[INFO] [stdout] 
[INFO] [stdout] 
[INFO] [stdout] Some errors have detailed explanations: E0433, E0599.
[INFO] [stdout] 
[INFO] [stdout] For more information about an error, try `rustc --explain E0433`.
[INFO] [stdout] 
[INFO] [stdout] error: aborting due to 2 previous errors
[INFO] [stdout] 
[INFO] [stdout] 
[INFO] [stdout] Some errors have detailed explanations: E0433, E0599.
[INFO] [stdout] 
[INFO] [stdout] For more information about an error, try `rustc --explain E0433`.
[INFO] [stdout] 
[INFO] [stderr] error: could not compile `dice_redo` (lib test) due to 3 previous errors
[INFO] [stderr] warning: build failed, waiting for other jobs to finish...
[INFO] [stderr] error: could not compile `dice_redo` (lib) due to 3 previous errors
[INFO] running `Command { std: "docker" "inspect" "e69e570311ec98110506a1b1b873b10486467858cfc179b177e8d75c99ead8b9", kill_on_drop: false }`
[INFO] running `Command { std: "docker" "rm" "-f" "e69e570311ec98110506a1b1b873b10486467858cfc179b177e8d75c99ead8b9", kill_on_drop: false }`
[INFO] [stdout] e69e570311ec98110506a1b1b873b10486467858cfc179b177e8d75c99ead8b9
